 7592*(2 + -1) + -8?
7
Let u(w) = 4*w**2 + 12*w**2 + 2 + 18*w - 4 - w**3. Suppose 110*y = 2*o + 115*y - 34, -o = -4*y - 17. What is the units digit of u(o)?
5
Let a(r) = 19*r - 11 + 24*r + 4*r + 51. Let p be a(-7). Let n = p + 565. What is the tens digit of n?
7
What is the thousands digit of -965*946/(-440) + 5/4?
2
Let z be (-3395)/161 + (-2)/(-23). Let a be (1 + 0)/((-2)/14). What is the units digit of 0 + 82 - z/a?
9
Suppose -64501 + 341533 = 194*i. What is the tens digit of i?
2
What is the tens digit of (-9)/((-54)/567*6/76)?
9
Suppose 3*p - 44 = -f, -2*f - p + 88 = -5*p. Let o = 47 - f. Suppose 5*q = -3*i + 29, -3*i - o*q - q = -31. What is the tens digit of i?
1
Suppose -3*p + 125 - 34 = -2*x, 0 = 5*p - 4*x - 155. Let s = 73 + p. What is the hundreds digit of s?
1
Let z = -275 + 266. Let l(j) = -21*j - 37. What is the tens digit of l(z)?
5
Let h be 280/36 - 18/(-81). What is the units digit of h/(-10) + (-10440)/(-50)?
8
Suppose -44*s + 26 = 114. Let u = s + 392. What is the tens digit of u?
9
Let s be -6 - (0 - 1)/(0 - -1). Let u be (-3)/(-1) - (-48)/6. What is the units digit of 6*s/(-9)*(u - -1)?
0
Suppose -171*y + 175*y - 115476 = 0. What is the units digit of y?
9
Suppose -37 = -3*r - 2*h - 11, 0 = r + 4*h - 12. Suppose -7*n + 22800 = r*n. What is the units digit of n?
0
Let g = -1484 - -16643. What is the units digit of g?
9
Let w(s) = 97*s + 252. Suppose 19*f - 23*f = -y - 53, 5*y + 61 = 3*f. What is the units digit of w(f)?
6
Let p = -19 - -27. Let h be 4407*(p/(-6) + 2). Suppose 6*d = -7*d + h. What is the tens digit of d?
2
Suppose -2*j - 2480 = -72*h + 68*h, 0 = -4*h - 4*j + 2480. What is the units digit of h?
0
Let p = 14620 + -2434. What is the units digit of p?
6
Suppose -451*w - 56168 = -479*w. What is the units digit of w?
6
Suppose -v + 17*v - 688 = 2128. What is the units digit of v?
6
Let w(a) = -8*a + 1 + 105*a**2 + 116*a**2 - 22. What is the hundreds digit of w(-2)?
8
Suppose -4*a - 3*a = 749. Let i = 140 + a. What is the tens digit of i?
3
Suppose -27 = 2*n - 45. Suppose 10*x - x = -n. What is the tens digit of (x*2)/((-8)/408)?
0
Suppose -5*t + 35 = -5*l, 4 + 1 = -t - 2*l. Suppose 5*n = 5, -5*n - 71 - 122 = -t*m. What is the tens digit of m?
6
Let a(p) = -2*p**3 - 40*p**2 - 122*p + 75. What is the tens digit of a(-29)?
5
Suppose 4*y + 172 = 15*w - 11*w, -3*w - 3*y = -159. Suppose -76*r + 16128 = -w*r. What is the tens digit of r?
7
What is the units digit of 317 + -324 - (-2697 + 1)?
9
Let y be ((-10)/5)/((-20)/(-50)). What is the units digit of y - (-10)/(-30)*-4749?
8
Suppose 0 = 769*k - 774*k + d + 111472, -5*k + 2*d + 111474 = 0. What is the thousands digit of k?
2
Let c(d) be the third derivative of -d**5/60 - 11*d**4/6 - 4*d**3/3 + 4*d**2. What is the tens digit of c(-20)?
7
Let g(n) = 96*n**2 - 9*n - 9. Let z be g(-1). Suppose -5*k + z = 2*b + 37, -2*b - 2*k + 68 = 0. What is the tens digit of b?
3
Let m(j) = j**3 - 24*j**2 + 24*j - 12. Let u be m(23). Suppose t = -5*n + 20, -9 = -5*n + t + u. Suppose n*p = -0*p + 408. What is the tens digit of p?
0
Suppose -213*b + 4080772 = -326914 + 245666. What is the ten thousands digit of b?
1
Suppose 0 = b + 439 - 442. Suppose 10 - 388 = -3*g - 2*z, -b*g - 3*z + 375 = 0. What is the tens digit of g?
2
Suppose -2*j + 4*d = -6101 + 1309, -d - 3 = 0. Suppose 8*n - 1658 = j. What is the units digit of n?
6
Suppose 3*v - w = -v + 19, 2*v = -4*w + 32. Suppose -m + 2*c - 6 = 0, 0 = 2*m + 2*c - v - 0. What is the tens digit of (88/(-20) - m)/((-4)/200)?
2
Suppose -4*z + 28584 + 33304 = 4*m, 2*z + 4*m = 30938. What is the tens digit of z?
7
Let a = 282 - 39. Suppose 7*j = 4*j + a. Let n = -3 + j. What is the units digit of n?
8
Let s(b) = 34*b**3 + 14*b**2 - 75*b + 750. What is the hundreds digit of s(13)?
8
Let c(n) = 26*n**3 + 6*n**2 - 6*n + 12. What is the thousands digit of c(5)?
3
Let t(d) = 449*d**2 - 790*d - 4810. What is the hundreds digit of t(-6)?
0
Let d(a) = -122*a + 18. Suppose -57 = 14*o - 11*o. Let l = -21 - o. What is the tens digit of d(l)?
6
Let r = -24 + 0. Suppose p + 55*z - 57*z = -10, -4*z = -5*p - 14. Let m = p - r. What is the units digit of m?
6
Let w(m) = -m**3 + 19*m**2 - 28*m - 20. Let q be w(17). Suppose -q*j + 93*j - 12914 = 0. What is the units digit of j?
4
What is the units digit of (-8710056)/(-504) + (-6)/21*3?
1
Suppose -7*f + 10*f - 2*n - 85231 = 0, -5*n - 198875 = -7*f. What is the hundreds digit of f?
4
What is the thousands digit of ((-63835)/10)/(-17)*(13 + (-2)/(-2))?
5
Suppose -4989906 - 3921016 - 1627116 = -293*a. What is the units digit of a?
6
Let u = 505 - 500. Suppose 0 = u*f + 2*g - 8610, 10*g = 14*g + 20. What is the units digit of f?
4
Let q be 41*1/3 - (-4)/12. Suppose 2*v + q = 4*v. Suppose 192 = v*c - 5*c. What is the tens digit of c?
9
Let h(i) = -206*i + 7441. What is the units digit of h(-48)?
9
Let m(c) = -c**3 - 15*c**2 - 27*c + 12. Let y(d) = -19*d + 63. Let j be y(4). What is the tens digit of m(j)?
2
Let a(h) = h**3 - 10*h**2 + 2*h - 11. Let r be a(10). Suppose r - 9 = -n. Suppose 4*s = -t - n*t + 178, -4*s - 20 = 0. What is the tens digit of t?
9
Let y be 8 - (26 + -28)*(-1)/(-1). Suppose -3*b = -y*b + 12271. What is the units digit of b?
3
Suppose -h + 1908 - 376 = -5*x, 2*h + 2*x = 3052. What is the units digit of h?
7
Suppose 0 = c + 47 - 108. Suppose 2*k + 94 = 3*y, -2*y = -0*k - k - c. Suppose -y = -2*w + 54. What is the tens digit of w?
4
Let p = -50 - -46. Let a be p/10 - (-18570)/(-75). Let m = a - -358. What is the hundreds digit of m?
1
Let l be 6/21 + (-2475)/(-35). Let p be -3 + (-4 - 116)/(-2). Let h = l - p. What is the tens digit of h?
1
Suppose 13*t = 19*t - 246. Let r(w) = 11*w - 139. What is the hundreds digit of r(t)?
3
Suppose 36*z = 39*z - 120. What is the units digit of -35 + z - 135*-2?
5
Let z = -1035 - -2473. Suppose 2*y - y + 5774 = 4*d, z = d - 3*y. What is the units digit of d?
4
Let o = 9 + 50. Let p = -57 + o. Suppose 0 = 5*u - 15, -p*s - 4*u = -3*s + 60. What is the units digit of s?
2
Let c = 52221 - 36937. What is the units digit of c?
4
Let z be (-2)/((-12)/(-18) + 89/(-129)). Suppose 139 = -5*i - z. Let n = 144 + i. What is the units digit of n?
9
Suppose -2*n = 49 - 267. Suppose k + n + 555 = 2*u, u - 5*k = 332. What is the units digit of u?
2
Suppose -2*r + f + 12157 = 0, -3*r - 3*f + 13475 = -4747. What is the thousands digit of r?
6
Let m(f) be the second derivative of 3/2*f**2 + 0 - 2/3*f**3 + f. What is the units digit of m(0)?
3
Let f(a) = a**3 + 12*a**2 + 11. Let i = 107 - 118. What is the hundreds digit of f(i)?
1
Let k be ((-10296)/(-195))/(4/(-50)). Let r = 5 - k. What is the tens digit of r?
6
Let c(i) = 336*i**2 - 11*i + 6. Let k be c(-6). Suppose -32*t + k = -8*t. What is the hundreds digit of t?
5
Let n(m) = -m**3 + 8*m**2 - 4*m. Let q be -5 + (-60)/4 - 1. Let t(f) = -f**2 - 22*f - 15. Let z be t(q). What is the tens digit of n(z)?
4
Let u be -4 + -1 + (4 - (-27 - 2)). Suppose 5*q + 3*t - 279 = 0, -4*t - 230 = -5*q + u. What is the units digit of q?
4
Suppose -23*d = -16*d + 3*x - 15416, 0 = 5*d + 2*x - 11012. What is the units digit of d?
4
Let v be (216/30 - 4) + (-2)/10. Suppose v*f - 45 = -2*f. What is the units digit of f/3*1 - -169?
2
Let g(c) = c**3 + c**2 + 1. Let d(s) = 569*s**3 - 4*s**2 - 5*s - 3. Let w(x) = d(x) + 6*g(x). What is the units digit of w(1)?
5
Let q(i) = 183*i + 405. What is the ten thousands digit of q(77)?
1
Let t be -6 + 4*6/4. Suppose t = -10*k + k + 3060. What is the hundreds digit of k?
3
Let m(l) = 306*l - 1019. What is the tens digit of m(7)?
2
Suppose 4 + 5 = y - 3*f, 0 = -4*f - 12. Suppose 22*o - 23*o + 2 = y. Suppose -4*m = -5*u - 143, -5*m - o*u = -7*u - 180. What is the units digit of m?
7
Let z(n) = 460*n - 481. What is the thousands digit of z(9)?
3
Let t(m) = 4*m**2 - 12*m + 5. Let c be t(5). Let n = -37 + c. What is the tens digit of n - 3 - 4 - -74?
7
Let a = 89 - 83. Suppose -4*j + a*j - 159 = y, 4*j = y + 323. Let h = 167 - j. What is the units digit of h?
5
Let a(m) = -m**3 - 6*m**2 + 5*m + 10. Suppose 6 = -t + 3*d, t + 6 = d + 3*d. Let n be a(t). What is the units digit of (1 + n/15)*-6?
2
Let j(t) = 32*t**3 - 12*t**2 + 35*t - 62. What is the units digit of j(5)?
3
Suppose 0 = 4*t - 8, -c - 2*t - 441 = -6*c. Let p